{"id":39,"date":"2018-04-05T15:53:43","date_gmt":"2018-04-05T13:53:43","guid":{"rendered":"http:\/\/www.ermea.fr\/?page_id=39"},"modified":"2018-04-05T16:21:25","modified_gmt":"2018-04-05T14:21:25","slug":"impression-textile","status":"publish","type":"page","link":"https:\/\/www.ermea.fr\/index.php\/impression-textile\/","title":{"rendered":"Impression textile"},"content":{"rendered":"\t\t<div data-elementor-type=\"wp-post\" data-elementor-id=\"39\" class=\"elementor elementor-39 elementor-bc-flex-widget\">\n\t\t\t\t\t\t<div class=\"elementor-inner\">\n\t\t\t\t<div class=\"elementor-section-wrap\">\n\t\t\t\t\t\t\t\t\t<section class=\"elementor-section elementor-top-section elementor-element elementor-element-a2caba8 elementor-section-boxed elementor-section-height-default elementor-section-height-default\" data-id=\"a2caba8\" data-element_type=\"section\">\n\t\t\t\t\t\t<div class=\"elementor-container elementor-column-gap-default\">\n\t\t\t\t\t\t\t<div class=\"elementor-row\">\n\t\t\t\t\t<div class=\"elementor-column elementor-col-100 elementor-top-column elementor-element elementor-element-c9af803\" data-id=\"c9af803\" data-element_type=\"column\">\n\t\t\t<div class=\"elementor-column-wrap elementor-element-populated\">\n\t\t\t\t\t\t\t<div class=\"elementor-widget-wrap\">\n\t\t\t\t\t\t<div class=\"elementor-element elementor-element-9a92370 elementor-widget elementor-widget-text-editor\" data-id=\"9a92370\" data-element_type=\"widget\" data-widget_type=\"text-editor.default\">\n\t\t\t\t<div class=\"elementor-widget-container\">\n\t\t\t\t\t\t\t\t<div class=\"elementor-text-editor elementor-clearfix\">\n\t\t\t\t<p>L&rsquo;impression de vos textiles permet de sublimer un v\u00eatement en affichant vos couleurs et les rendre visibles au plus grand nombre.<\/p>\t\t\t\t\t<\/div>\n\t\t\t\t\t\t<\/div>\n\t\t\t\t<\/div>\n\t\t\t\t\t\t<\/div>\n\t\t\t\t\t<\/div>\n\t\t<\/div>\n\t\t\t\t\t\t\t\t<\/div>\n\t\t\t\t\t<\/div>\n\t\t<\/section>\n\t\t\t\t<section class=\"elementor-section elementor-top-section elementor-element elementor-element-6005957 elementor-section-boxed elementor-section-height-default elementor-section-height-default\" data-id=\"6005957\" data-element_type=\"section\">\n\t\t\t\t\t\t<div class=\"elementor-container elementor-column-gap-default\">\n\t\t\t\t\t\t\t<div class=\"elementor-row\">\n\t\t\t\t\t<div class=\"elementor-column elementor-col-33 elementor-top-column elementor-element elementor-element-490fbdb\" data-id=\"490fbdb\" data-element_type=\"column\">\n\t\t\t<div class=\"elementor-column-wrap elementor-element-populated\">\n\t\t\t\t\t\t\t<div class=\"elementor-widget-wrap\">\n\t\t\t\t\t\t<div class=\"elementor-element elementor-element-207e076 elementor-widget elementor-widget-heading\" data-id=\"207e076\" data-element_type=\"widget\" data-widget_type=\"heading.default\">\n\t\t\t\t<div class=\"elementor-widget-container\">\n\t\t\t<h2 class=\"elementor-heading-title elementor-size-default\">Pour vos partenaires<\/h2>\t\t<\/div>\n\t\t\t\t<\/div>\n\t\t\t\t<div class=\"elementor-element elementor-element-5a18062 elementor-widget elementor-widget-image\" data-id=\"5a18062\" data-element_type=\"widget\" data-widget_type=\"image.default\">\n\t\t\t\t<div class=\"elementor-widget-container\">\n\t\t\t\t\t\t\t\t<div class=\"elementor-image\">\n\t\t\t\t\t\t\t\t\t\t\t\t<img width=\"259\" height=\"194\" src=\"https:\/\/www.ermea.fr\/wp-content\/uploads\/2018\/04\/TShirt.jpg\" class=\"attachment-medium size-medium wp-image-42\" alt=\"\" loading=\"lazy\" \/>\t\t\t\t\t\t\t\t\t\t\t\t\t\t<\/div>\n\t\t\t\t\t\t<\/div>\n\t\t\t\t<\/div>\n\t\t\t\t<div class=\"elementor-element elementor-element-cfa23b2 elementor-widget elementor-widget-text-editor\" data-id=\"cfa23b2\" data-element_type=\"widget\" data-widget_type=\"text-editor.default\">\n\t\t\t\t<div class=\"elementor-widget-container\">\n\t\t\t\t\t\t\t\t<div class=\"elementor-text-editor elementor-clearfix\">\n\t\t\t\t<p>Personnalisez vos textiles en fonction de votre cible et du message \u00e0 faire passer ! Seule limite \u00e0 respecter : votre imagination !! Vos clients, fournisseurs et amis s&rsquo;arracheront votre cr\u00e9ation et porteront fi\u00e8rement vos couleurs !e\u00a0\u00bb]<\/p>\t\t\t\t\t<\/div>\n\t\t\t\t\t\t<\/div>\n\t\t\t\t<\/div>\n\t\t\t\t\t\t<\/div>\n\t\t\t\t\t<\/div>\n\t\t<\/div>\n\t\t\t\t<div class=\"elementor-column elementor-col-33 elementor-top-column elementor-element elementor-element-5a3e436\" data-id=\"5a3e436\" data-element_type=\"column\">\n\t\t\t<div class=\"elementor-column-wrap elementor-element-populated\">\n\t\t\t\t\t\t\t<div class=\"elementor-widget-wrap\">\n\t\t\t\t\t\t<div class=\"elementor-element elementor-element-7ccd438 elementor-widget elementor-widget-heading\" data-id=\"7ccd438\" data-element_type=\"widget\" data-widget_type=\"heading.default\">\n\t\t\t\t<div class=\"elementor-widget-container\">\n\t\t\t<h2 class=\"elementor-heading-title elementor-size-default\">Pour vos salari\u00e9s<\/h2>\t\t<\/div>\n\t\t\t\t<\/div>\n\t\t\t\t<div class=\"elementor-element elementor-element-977e03b elementor-widget elementor-widget-image\" data-id=\"977e03b\" data-element_type=\"widget\" data-widget_type=\"image.default\">\n\t\t\t\t<div class=\"elementor-widget-container\">\n\t\t\t\t\t\t\t\t<div class=\"elementor-image\">\n\t\t\t\t\t\t\t\t\t\t\t\t<img width=\"275\" height=\"183\" src=\"https:\/\/www.ermea.fr\/wp-content\/uploads\/2018\/04\/EPI.jpg\" class=\"attachment-medium size-medium wp-image-40\" alt=\"\" loading=\"lazy\" \/>\t\t\t\t\t\t\t\t\t\t\t\t\t\t<\/div>\n\t\t\t\t\t\t<\/div>\n\t\t\t\t<\/div>\n\t\t\t\t<div class=\"elementor-element elementor-element-07c349c elementor-widget elementor-widget-text-editor\" data-id=\"07c349c\" data-element_type=\"widget\" data-widget_type=\"text-editor.default\">\n\t\t\t\t<div class=\"elementor-widget-container\">\n\t\t\t\t\t\t\t\t<div class=\"elementor-text-editor elementor-clearfix\">\n\t\t\t\t<p>Pensez \u00e0 proposer \u00e0 vos \u00e9quipes des v\u00eatements professionnels et adapt\u00e9s \u00e0 leur environnement. Vous pourrez aussi donner \u00e0 votre marque une visibilit\u00e9 exceptionnelle tout en permettant \u00e0 vos \u00e9quipes de travailler en s\u00e9curit\u00e9.<\/p>\t\t\t\t\t<\/div>\n\t\t\t\t\t\t<\/div>\n\t\t\t\t<\/div>\n\t\t\t\t\t\t<\/div>\n\t\t\t\t\t<\/div>\n\t\t<\/div>\n\t\t\t\t<div class=\"elementor-column elementor-col-33 elementor-top-column elementor-element elementor-element-cc55401\" data-id=\"cc55401\" data-element_type=\"column\">\n\t\t\t<div class=\"elementor-column-wrap elementor-element-populated\">\n\t\t\t\t\t\t\t<div class=\"elementor-widget-wrap\">\n\t\t\t\t\t\t<div class=\"elementor-element elementor-element-6337e42 elementor-widget elementor-widget-heading\" data-id=\"6337e42\" data-element_type=\"widget\" data-widget_type=\"heading.default\">\n\t\t\t\t<div class=\"elementor-widget-container\">\n\t\t\t<h2 class=\"elementor-heading-title elementor-size-default\">Pour votre association<\/h2>\t\t<\/div>\n\t\t\t\t<\/div>\n\t\t\t\t<div class=\"elementor-element elementor-element-59bf20f elementor-widget elementor-widget-image\" data-id=\"59bf20f\" data-element_type=\"widget\" data-widget_type=\"image.default\">\n\t\t\t\t<div class=\"elementor-widget-container\">\n\t\t\t\t\t\t\t\t<div class=\"elementor-image\">\n\t\t\t\t\t\t\t\t\t\t\t\t<img width=\"150\" height=\"150\" src=\"https:\/\/www.ermea.fr\/wp-content\/uploads\/2018\/04\/T-Shirt-sport-150x150.jpg\" class=\"attachment-thumbnail size-thumbnail wp-image-41\" alt=\"\" loading=\"lazy\" srcset=\"https:\/\/www.ermea.fr\/wp-content\/uploads\/2018\/04\/T-Shirt-sport-150x150.jpg 150w, https:\/\/www.ermea.fr\/wp-content\/uploads\/2018\/04\/T-Shirt-sport-100x100.jpg 100w, https:\/\/www.ermea.fr\/wp-content\/uploads\/2018\/04\/T-Shirt-sport.jpg 300w\" sizes=\"(max-width: 150px) 100vw, 150px\" \/>\t\t\t\t\t\t\t\t\t\t\t\t\t\t<\/div>\n\t\t\t\t\t\t<\/div>\n\t\t\t\t<\/div>\n\t\t\t\t<div class=\"elementor-element elementor-element-a5b618c elementor-widget elementor-widget-text-editor\" data-id=\"a5b618c\" data-element_type=\"widget\" data-widget_type=\"text-editor.default\">\n\t\t\t\t<div class=\"elementor-widget-container\">\n\t\t\t\t\t\t\t\t<div class=\"elementor-text-editor elementor-clearfix\">\n\t\t\t\t<p>Portez haut les couleurs de votre club et de votre association. D\u00e9marquez-vous par vos r\u00e9sultats sportifs et vos actions mais aussi par les v\u00eatements propos\u00e9s \u00e0 vos b\u00e9n\u00e9voles et adh\u00e9rents. Ils sauront appr\u00e9cier et seront heureux de repr\u00e9senter leur mouvement.<\/p>\t\t\t\t\t<\/div>\n\t\t\t\t\t\t<\/div>\n\t\t\t\t<\/div>\n\t\t\t\t\t\t<\/div>\n\t\t\t\t\t<\/div>\n\t\t<\/div>\n\t\t\t\t\t\t\t\t<\/div>\n\t\t\t\t\t<\/div>\n\t\t<\/section>\n\t\t\t\t<section class=\"elementor-section elementor-top-section elementor-element elementor-element-3ee4a08 elementor-section-boxed elementor-section-height-default elementor-section-height-default\" data-id=\"3ee4a08\" data-element_type=\"section\">\n\t\t\t\t\t\t<div class=\"elementor-container elementor-column-gap-default\">\n\t\t\t\t\t\t\t<div class=\"elementor-row\">\n\t\t\t\t\t<div class=\"elementor-column elementor-col-100 elementor-top-column elementor-element elementor-element-e2ec195\" data-id=\"e2ec195\" data-element_type=\"column\">\n\t\t\t<div class=\"elementor-column-wrap elementor-element-populated\">\n\t\t\t\t\t\t\t<div class=\"elementor-widget-wrap\">\n\t\t\t\t\t\t<div class=\"elementor-element elementor-element-c6839db elementor-align-center elementor-widget elementor-widget-button\" data-id=\"c6839db\" data-element_type=\"widget\" data-widget_type=\"button.default\">\n\t\t\t\t<div class=\"elementor-widget-container\">\n\t\t\t\t\t<div class=\"elementor-button-wrapper\">\n\t\t\t<a href=\"#\" class=\"elementor-button-link elementor-button elementor-size-sm\" role=\"button\">\n\t\t\t\t\t\t<span class=\"elementor-button-content-wrapper\">\n\t\t\t\t\t\t<span class=\"elementor-button-text\">Contactez-nous pour d\u00e9couvrir l'\u00e9tendue de nos gammes<\/span>\n\t\t<\/span>\n\t\t\t\t\t<\/a>\n\t\t<\/div>\n\t\t\t\t<\/div>\n\t\t\t\t<\/div>\n\t\t\t\t\t\t<\/div>\n\t\t\t\t\t<\/div>\n\t\t<\/div>\n\t\t\t\t\t\t\t\t<\/div>\n\t\t\t\t\t<\/div>\n\t\t<\/section>\n\t\t\t\t<section class=\"elementor-section elementor-top-section elementor-element elementor-element-6bc8ab4 elementor-section-boxed elementor-section-height-default elementor-section-height-default\" data-id=\"6bc8ab4\" data-element_type=\"section\">\n\t\t\t\t\t\t<div class=\"elementor-container elementor-column-gap-default\">\n\t\t\t\t\t\t\t<div class=\"elementor-row\">\n\t\t\t\t\t<div class=\"elementor-column elementor-col-100 elementor-top-column elementor-element elementor-element-19673e9\" data-id=\"19673e9\" data-element_type=\"column\">\n\t\t\t<div class=\"elementor-column-wrap elementor-element-populated\">\n\t\t\t\t\t\t\t<div class=\"elementor-widget-wrap\">\n\t\t\t\t\t\t<div class=\"elementor-element elementor-element-fc9521a elementor-widget elementor-widget-image-gallery\" data-id=\"fc9521a\" data-element_type=\"widget\" data-widget_type=\"image-gallery.default\">\n\t\t\t\t<div class=\"elementor-widget-container\">\n\t\t\t\t\t<div class=\"elementor-image-gallery\">\n\t\t\t<div id='gallery-1' class='gallery galleryid-39 gallery-columns-4 gallery-size-thumbnail'><figure class='gallery-item'>\n\t\t\t<div class='gallery-icon portrait'>\n\t\t\t\t<a data-elementor-open-lightbox=\"yes\" data-elementor-lightbox-slideshow=\"fc9521a\" data-elementor-lightbox-title=\"Tshirt\" data-e-action-hash=\"#elementor-action%3Aaction%3Dlightbox%26settings%3DeyJpZCI6NTAsInVybCI6Imh0dHBzOlwvXC93d3cuZXJtZWEuZnJcL3dwLWNvbnRlbnRcL3VwbG9hZHNcLzIwMThcLzA0XC9Uc2hpcnQucG5nIiwic2xpZGVzaG93IjoiZmM5NTIxYSJ9\" href='https:\/\/www.ermea.fr\/wp-content\/uploads\/2018\/04\/Tshirt.png'><img width=\"150\" height=\"150\" src=\"https:\/\/www.ermea.fr\/wp-content\/uploads\/2018\/04\/Tshirt-150x150.png\" class=\"attachment-thumbnail size-thumbnail\" alt=\"\" loading=\"lazy\" aria-describedby=\"gallery-1-50\" srcset=\"https:\/\/www.ermea.fr\/wp-content\/uploads\/2018\/04\/Tshirt-150x150.png 150w, https:\/\/www.ermea.fr\/wp-content\/uploads\/2018\/04\/Tshirt-400x400.png 400w, https:\/\/www.ermea.fr\/wp-content\/uploads\/2018\/04\/Tshirt-100x100.png 100w\" sizes=\"(max-width: 150px) 100vw, 150px\" \/><\/a>\n\t\t\t<\/div>\n\t\t\t\t<figcaption class='wp-caption-text gallery-caption' id='gallery-1-50'>\n\t\t\t\tSport\n\t\t\t\t<\/figcaption><\/figure><figure class='gallery-item'>\n\t\t\t<div class='gallery-icon landscape'>\n\t\t\t\t<a data-elementor-open-lightbox=\"yes\" data-elementor-lightbox-slideshow=\"fc9521a\" data-elementor-lightbox-title=\"Polo\" data-e-action-hash=\"#elementor-action%3Aaction%3Dlightbox%26settings%3DeyJpZCI6NDYsInVybCI6Imh0dHBzOlwvXC93d3cuZXJtZWEuZnJcL3dwLWNvbnRlbnRcL3VwbG9hZHNcLzIwMThcLzA0XC9Qb2xvLmpwZyIsInNsaWRlc2hvdyI6ImZjOTUyMWEifQ%3D%3D\" href='https:\/\/www.ermea.fr\/wp-content\/uploads\/2018\/04\/Polo.jpg'><img width=\"150\" height=\"150\" src=\"https:\/\/www.ermea.fr\/wp-content\/uploads\/2018\/04\/Polo-150x150.jpg\" class=\"attachment-thumbnail size-thumbnail\" alt=\"\" loading=\"lazy\" aria-describedby=\"gallery-1-46\" srcset=\"https:\/\/www.ermea.fr\/wp-content\/uploads\/2018\/04\/Polo-150x150.jpg 150w, https:\/\/www.ermea.fr\/wp-content\/uploads\/2018\/04\/Polo-300x300.jpg 300w, https:\/\/www.ermea.fr\/wp-content\/uploads\/2018\/04\/Polo-400x400.jpg 400w, https:\/\/www.ermea.fr\/wp-content\/uploads\/2018\/04\/Polo-100x100.jpg 100w, https:\/\/www.ermea.fr\/wp-content\/uploads\/2018\/04\/Polo.jpg 720w\" sizes=\"(max-width: 150px) 100vw, 150px\" \/><\/a>\n\t\t\t<\/div>\n\t\t\t\t<figcaption class='wp-caption-text gallery-caption' id='gallery-1-46'>\n\t\t\t\tPolos &#038; T-Shirts\n\t\t\t\t<\/figcaption><\/figure><figure class='gallery-item'>\n\t\t\t<div class='gallery-icon landscape'>\n\t\t\t\t<a data-elementor-open-lightbox=\"yes\" data-elementor-lightbox-slideshow=\"fc9521a\" data-elementor-lightbox-title=\"Chemise\" data-e-action-hash=\"#elementor-action%3Aaction%3Dlightbox%26settings%3DeyJpZCI6NDUsInVybCI6Imh0dHBzOlwvXC93d3cuZXJtZWEuZnJcL3dwLWNvbnRlbnRcL3VwbG9hZHNcLzIwMThcLzA0XC9DaGVtaXNlLmpwZyIsInNsaWRlc2hvdyI6ImZjOTUyMWEifQ%3D%3D\" href='https:\/\/www.ermea.fr\/wp-content\/uploads\/2018\/04\/Chemise.jpg'><img width=\"150\" height=\"150\" src=\"https:\/\/www.ermea.fr\/wp-content\/uploads\/2018\/04\/Chemise-150x150.jpg\" class=\"attachment-thumbnail size-thumbnail\" alt=\"\" loading=\"lazy\" aria-describedby=\"gallery-1-45\" srcset=\"https:\/\/www.ermea.fr\/wp-content\/uploads\/2018\/04\/Chemise-150x150.jpg 150w, https:\/\/www.ermea.fr\/wp-content\/uploads\/2018\/04\/Chemise-100x100.jpg 100w, https:\/\/www.ermea.fr\/wp-content\/uploads\/2018\/04\/Chemise.jpg 225w\" sizes=\"(max-width: 150px) 100vw, 150px\" \/><\/a>\n\t\t\t<\/div>\n\t\t\t\t<figcaption class='wp-caption-text gallery-caption' id='gallery-1-45'>\n\t\t\t\tChemises, Pulls &#038; Tabliers\n\t\t\t\t<\/figcaption><\/figure><figure class='gallery-item'>\n\t\t\t<div class='gallery-icon portrait'>\n\t\t\t\t<a data-elementor-open-lightbox=\"yes\" data-elementor-lightbox-slideshow=\"fc9521a\" data-elementor-lightbox-title=\"Sweat\" data-e-action-hash=\"#elementor-action%3Aaction%3Dlightbox%26settings%3DeyJpZCI6NDksInVybCI6Imh0dHBzOlwvXC93d3cuZXJtZWEuZnJcL3dwLWNvbnRlbnRcL3VwbG9hZHNcLzIwMThcLzA0XC9Td2VhdC5qcGciLCJzbGlkZXNob3ciOiJmYzk1MjFhIn0%3D\" href='https:\/\/www.ermea.fr\/wp-content\/uploads\/2018\/04\/Sweat.jpg'><img width=\"150\" height=\"150\" src=\"https:\/\/www.ermea.fr\/wp-content\/uploads\/2018\/04\/Sweat-150x150.jpg\" class=\"attachment-thumbnail size-thumbnail\" alt=\"\" loading=\"lazy\" aria-describedby=\"gallery-1-49\" srcset=\"https:\/\/www.ermea.fr\/wp-content\/uploads\/2018\/04\/Sweat-150x150.jpg 150w, https:\/\/www.ermea.fr\/wp-content\/uploads\/2018\/04\/Sweat-298x300.jpg 298w, https:\/\/www.ermea.fr\/wp-content\/uploads\/2018\/04\/Sweat-100x100.jpg 100w, https:\/\/www.ermea.fr\/wp-content\/uploads\/2018\/04\/Sweat.jpg 353w\" sizes=\"(max-width: 150px) 100vw, 150px\" \/><\/a>\n\t\t\t<\/div>\n\t\t\t\t<figcaption class='wp-caption-text gallery-caption' id='gallery-1-49'>\n\t\t\t\tSweat-Shirts\n\t\t\t\t<\/figcaption><\/figure><figure class='gallery-item'>\n\t\t\t<div class='gallery-icon portrait'>\n\t\t\t\t<a data-elementor-open-lightbox=\"yes\" data-elementor-lightbox-slideshow=\"fc9521a\" data-elementor-lightbox-title=\"Softshell\" data-e-action-hash=\"#elementor-action%3Aaction%3Dlightbox%26settings%3DeyJpZCI6NDgsInVybCI6Imh0dHBzOlwvXC93d3cuZXJtZWEuZnJcL3dwLWNvbnRlbnRcL3VwbG9hZHNcLzIwMThcLzA0XC9Tb2Z0c2hlbGwuanBnIiwic2xpZGVzaG93IjoiZmM5NTIxYSJ9\" href='https:\/\/www.ermea.fr\/wp-content\/uploads\/2018\/04\/Softshell.jpg'><img width=\"150\" height=\"150\" src=\"https:\/\/www.ermea.fr\/wp-content\/uploads\/2018\/04\/Softshell-150x150.jpg\" class=\"attachment-thumbnail size-thumbnail\" alt=\"\" loading=\"lazy\" aria-describedby=\"gallery-1-48\" srcset=\"https:\/\/www.ermea.fr\/wp-content\/uploads\/2018\/04\/Softshell-150x150.jpg 150w, https:\/\/www.ermea.fr\/wp-content\/uploads\/2018\/04\/Softshell-400x400.jpg 400w, https:\/\/www.ermea.fr\/wp-content\/uploads\/2018\/04\/Softshell-100x100.jpg 100w\" sizes=\"(max-width: 150px) 100vw, 150px\" \/><\/a>\n\t\t\t<\/div>\n\t\t\t\t<figcaption class='wp-caption-text gallery-caption' id='gallery-1-48'>\n\t\t\t\tPolaires &#038; Softshells\n\t\t\t\t<\/figcaption><\/figure><figure class='gallery-item'>\n\t\t\t<div class='gallery-icon landscape'>\n\t\t\t\t<a data-elementor-open-lightbox=\"yes\" data-elementor-lightbox-slideshow=\"fc9521a\" data-elementor-lightbox-title=\"Bodywarmer\" data-e-action-hash=\"#elementor-action%3Aaction%3Dlightbox%26settings%3DeyJpZCI6NDMsInVybCI6Imh0dHBzOlwvXC93d3cuZXJtZWEuZnJcL3dwLWNvbnRlbnRcL3VwbG9hZHNcLzIwMThcLzA0XC9Cb2R5d2FybWVyLmpwZyIsInNsaWRlc2hvdyI6ImZjOTUyMWEifQ%3D%3D\" href='https:\/\/www.ermea.fr\/wp-content\/uploads\/2018\/04\/Bodywarmer.jpg'><img width=\"150\" height=\"150\" src=\"https:\/\/www.ermea.fr\/wp-content\/uploads\/2018\/04\/Bodywarmer-150x150.jpg\" class=\"attachment-thumbnail size-thumbnail\" alt=\"\" loading=\"lazy\" aria-describedby=\"gallery-1-43\" srcset=\"https:\/\/www.ermea.fr\/wp-content\/uploads\/2018\/04\/Bodywarmer-150x150.jpg 150w, https:\/\/www.ermea.fr\/wp-content\/uploads\/2018\/04\/Bodywarmer-100x100.jpg 100w, https:\/\/www.ermea.fr\/wp-content\/uploads\/2018\/04\/Bodywarmer.jpg 225w\" sizes=\"(max-width: 150px) 100vw, 150px\" \/><\/a>\n\t\t\t<\/div>\n\t\t\t\t<figcaption class='wp-caption-text gallery-caption' id='gallery-1-43'>\n\t\t\t\tBodywarmers &#038; Parkas\n\t\t\t\t<\/figcaption><\/figure><figure class='gallery-item'>\n\t\t\t<div class='gallery-icon landscape'>\n\t\t\t\t<a data-elementor-open-lightbox=\"yes\" data-elementor-lightbox-slideshow=\"fc9521a\" data-elementor-lightbox-title=\"casquette\" data-e-action-hash=\"#elementor-action%3Aaction%3Dlightbox%26settings%3DeyJpZCI6NDQsInVybCI6Imh0dHBzOlwvXC93d3cuZXJtZWEuZnJcL3dwLWNvbnRlbnRcL3VwbG9hZHNcLzIwMThcLzA0XC9jYXNxdWV0dGUtMS5qcGciLCJzbGlkZXNob3ciOiJmYzk1MjFhIn0%3D\" href='https:\/\/www.ermea.fr\/wp-content\/uploads\/2018\/04\/casquette-1.jpg'><img width=\"150\" height=\"150\" src=\"https:\/\/www.ermea.fr\/wp-content\/uploads\/2018\/04\/casquette-1-150x150.jpg\" class=\"attachment-thumbnail size-thumbnail\" alt=\"\" loading=\"lazy\" aria-describedby=\"gallery-1-44\" srcset=\"https:\/\/www.ermea.fr\/wp-content\/uploads\/2018\/04\/casquette-1-150x150.jpg 150w, https:\/\/www.ermea.fr\/wp-content\/uploads\/2018\/04\/casquette-1-300x300.jpg 300w, https:\/\/www.ermea.fr\/wp-content\/uploads\/2018\/04\/casquette-1-400x400.jpg 400w, https:\/\/www.ermea.fr\/wp-content\/uploads\/2018\/04\/casquette-1-100x100.jpg 100w, https:\/\/www.ermea.fr\/wp-content\/uploads\/2018\/04\/casquette-1.jpg 460w\" sizes=\"(max-width: 150px) 100vw, 150px\" \/><\/a>\n\t\t\t<\/div>\n\t\t\t\t<figcaption class='wp-caption-text gallery-caption' id='gallery-1-44'>\n\t\t\t\tCasquettes &#038; Accessoires\n\t\t\t\t<\/figcaption><\/figure><figure class='gallery-item'>\n\t\t\t<div class='gallery-icon landscape'>\n\t\t\t\t<a data-elementor-open-lightbox=\"yes\" data-elementor-lightbox-slideshow=\"fc9521a\" data-elementor-lightbox-title=\"Prowear\" data-e-action-hash=\"#elementor-action%3Aaction%3Dlightbox%26settings%3DeyJpZCI6NDcsInVybCI6Imh0dHBzOlwvXC93d3cuZXJtZWEuZnJcL3dwLWNvbnRlbnRcL3VwbG9hZHNcLzIwMThcLzA0XC9Qcm93ZWFyLmpwZWciLCJzbGlkZXNob3ciOiJmYzk1MjFhIn0%3D\" href='https:\/\/www.ermea.fr\/wp-content\/uploads\/2018\/04\/Prowear.jpeg'><img width=\"150\" height=\"150\" src=\"https:\/\/www.ermea.fr\/wp-content\/uploads\/2018\/04\/Prowear-150x150.jpeg\" class=\"attachment-thumbnail size-thumbnail\" alt=\"\" loading=\"lazy\" aria-describedby=\"gallery-1-47\" srcset=\"https:\/\/www.ermea.fr\/wp-content\/uploads\/2018\/04\/Prowear-150x150.jpeg 150w, https:\/\/www.ermea.fr\/wp-content\/uploads\/2018\/04\/Prowear-300x300.jpeg 300w, https:\/\/www.ermea.fr\/wp-content\/uploads\/2018\/04\/Prowear-400x400.jpeg 400w, https:\/\/www.ermea.fr\/wp-content\/uploads\/2018\/04\/Prowear-100x100.jpeg 100w, https:\/\/www.ermea.fr\/wp-content\/uploads\/2018\/04\/Prowear.jpeg 600w\" sizes=\"(max-width: 150px) 100vw, 150px\" \/><\/a>\n\t\t\t<\/div>\n\t\t\t\t<figcaption class='wp-caption-text gallery-caption' id='gallery-1-47'>\n\t\t\t\tProwear\n\t\t\t\t<\/figcaption><\/figure>\n\t\t<\/div>\n\t\t<\/div>\n\t\t\t\t<\/div>\n\t\t\t\t<\/div>\n\t\t\t\t\t\t<\/div>\n\t\t\t\t\t<\/div>\n\t\t<\/div>\n\t\t\t\t\t\t\t\t<\/div>\n\t\t\t\t\t<\/div>\n\t\t<\/section>\n\t\t\t\t\t\t\t\t\t<\/div>\n\t\t\t<\/div>\n\t\t\t\t\t<\/div>\n\t\t","protected":false},"excerpt":{"rendered":"<p>L&rsquo;impression de vos textiles permet de sublimer un v\u00eatement en affichant vos couleurs et les rendre visibles au plus grand nombre. Pour vos partenaires Personnalisez vos textiles en fonction de votre cible et du message \u00e0 faire passer ! Seule limite \u00e0 respecter : votre imagination !! Vos clients, fournisseurs et amis s&rsquo;arracheront votre cr\u00e9ation [&hellip;]<\/p>\n","protected":false},"author":1,"featured_media":0,"parent":0,"menu_order":0,"comment_status":"closed","ping_status":"closed","template":"","meta":[],"_links":{"self":[{"href":"https:\/\/www.ermea.fr\/index.php\/wp-json\/wp\/v2\/pages\/39"}],"collection":[{"href":"https:\/\/www.ermea.fr\/index.php\/wp-json\/wp\/v2\/pages"}],"about":[{"href":"https:\/\/www.ermea.fr\/index.php\/wp-json\/wp\/v2\/types\/page"}],"author":[{"embeddable":true,"href":"https:\/\/www.ermea.fr\/index.php\/wp-json\/wp\/v2\/users\/1"}],"replies":[{"embeddable":true,"href":"https:\/\/www.ermea.fr\/index.php\/wp-json\/wp\/v2\/comments?post=39"}],"version-history":[{"count":4,"href":"https:\/\/www.ermea.fr\/index.php\/wp-json\/wp\/v2\/pages\/39\/revisions"}],"predecessor-version":[{"id":91,"href":"https:\/\/www.ermea.fr\/index.php\/wp-json\/wp\/v2\/pages\/39\/revisions\/91"}],"wp:attachment":[{"href":"https:\/\/www.ermea.fr\/index.php\/wp-json\/wp\/v2\/media?parent=39"}],"curies":[{"name":"wp","href":"https:\/\/api.w.org\/{rel}","templated":true}]}}